or of 10440 and 65235600?
360
Calculate the greatest common divisor of 182372 and 407162.
254
Calculate the highest common factor of 30744 and 8389208.
488
Calculate the greatest common factor of 537 and 219413546.
179
What is the highest common factor of 365 and 2008814?
73
What is the greatest common divisor of 238242472 and 8528?
4264
Calculate the greatest common factor of 121213 and 517.
47
Calculate the greatest common divisor of 5814 and 1843.
19
What is the greatest common factor of 504415 and 14615?
395
Calculate the greatest common factor of 51 and 3239843.
17
What is the highest common factor of 87977305 and 67353?
2041
Calculate the highest common factor of 12 and 37689816.
12
Calculate the highest common divisor of 8782812 and 8128.
508
What is the greatest common factor of 50545 and 2167?
11
Calculate the highest common divisor of 3529880 and 43975600.
19720
Calculate the highest common factor of 7 and 3344173.
7
What is the greatest common factor of 702 and 5012683?
13
Calculate the highest common factor of 2159 and 7132193.
127
Calculate the greatest common divisor of 264505740 and 60.
60
Calculate the highest common divisor of 99000 and 5477000.
1000
Calculate the greatest common divisor of 171488 and 768992.
32
Calculate the greatest common factor of 19961861 and 4991.
713
What is the highest common divisor of 69378 and 9046668?
186
What is the highest common factor of 11 and 306828467?
11
Calculate the greatest common divisor of 2373 and 733761.
21
What is the greatest common factor of 185967639 and 1287?
1287
Calculate the greatest common factor of 119739060 and 6804.
2268
What is the greatest common divisor of 37060 and 66580?
20
What is the greatest common factor of 2045849 and 6266?
3133
What is the highest common divisor of 19261953 and 513?
171
Calculate the highest common factor of 43033003 and 26.
13
What is the highest common divisor of 18 and 340476417?
9
Calculate the highest common divisor of 177550 and 4221.
67
What is the greatest common divisor of 893964 and 26112?
12
Calculate the greatest common divisor of 260217 and 34394.
29
Calculate the greatest common divisor of 115 and 77581990.
115
Calculate the highest common factor of 2295865 and 368420.
845
What is the highest common divisor of 519354432 and 64?
64
What is the greatest common divisor of 989 and 745407322?
989
Calculate the highest common divisor of 568 and 139200.
8
What is the highest common factor of 2250733 and 33821?
1091
What is the greatest common factor of 54575 and 48548150?
1475
Calculate the greatest common factor of 23529 and 79267.
31
Calculate the greatest common factor of 15181908 and 2235.
447
Calculate the highest common divisor of 46566 and 4469142.
1194
Calculate the highest common divisor of 179299 and 34.
17
What is the greatest common divisor of 18632770 and 1430?
130
What is the greatest common factor of 3041107260 and 60?
60
Calculate the highest common divisor of 5036 and 26436482.
2518
Calculate the greatest common divisor of 522 and 55591362.
18
Calculate the greatest common factor of 2047 and 34886843.
89
Calculate the highest common factor of 6678 and 144039.
21
What is the greatest common divisor of 885807 and 4355?
871
What is the greatest common divisor of 149518936 and 56?
56
Calculate the greatest common divisor of 17024 and 4039.
7
Calculate the greatest common divisor of 60 and 183621.
3
What is the greatest common divisor of 164459 and 4664?
53
What is the greatest common factor of 2017920 and 1504?
32
Calculate the highest common divisor of 34528 and 9256.
104
What is the highest common divisor of 48070 and 103873?
209
What is the highest common factor of 6908832 and 147?
21
What is the greatest common factor of 21461721 and 978?
489
What is the highest common divisor of 777 and 2185960?
259
What is the highest common divisor of 10445511 and 6085?
1217
Calculate the highest common divisor of 16098532 and 119316.
652
What is the greatest common factor of 22482471 and 186?
93
What is the greatest common factor of 7202 and 4197658?
554
What is the greatest common factor of 204951850 and 31?
31
Calculate the highest common divisor of 668935050 and 62.
62
Calculate the highest common factor of 23525308 and 41.
41
Calculate the highest common divisor of 13632 and 2735772.
852
Calculate the greatest common factor of 1436505 and 105.
105
Calculate the highest common divisor of 1 and 37026683.
1
Calculate the greatest common factor of 551880 and 89964.
756
Calculate the highest common divisor of 15159656 and 55400.
2216
Calculate the greatest common divisor of 13190 and 860.
10
Calculate the highest common divisor of 190535862 and 132.
66
Calculate the greatest common divisor of 3107489 and 1155.
77
Calculate the highest common factor of 68340 and 5806860.
1020
Calculate the highest common divisor of 11832488 and 125008.
4808
Calculate the greatest common factor of 493185 and 787479.
1617
What is the greatest common factor of 4216 and 42408?
248
Calculate the greatest common factor of 1324920 and 3077.
181
Calculate the highest common factor of 5351967 and 702.
27
What is the greatest common factor of 35 and 492235?
5
What is the highest common factor of 226344916 and 196?
196
Calculate the greatest common factor of 17 and 2995518626.
17
What is the greatest common factor of 41315667 and 9423?
1047
Calculate the highest common factor of 529347 and 16010046.
10803
Calculate the highest common factor of 10180 and 903590.
10
Calculate the greatest common divisor of 9667866 and 858.
78
What is the highest common factor of 14 and 146202448?
14
What is the greatest common divisor of 43092 and 13784904?
2268
What is the greatest common divisor of 9 and 11531739?
3
What is the highest common divisor of 347 and 11908346?
347
What is the greatest common factor of 27 and 372707?
1
Calculate the greatest common factor of 50547025 and 16425.
1825
What is the highest common divisor of 2925 and 9293115?
195
What is the highest common divisor of 1884267 and 315?
63
What is the greatest common factor of 20075506 and 8?
2
Calculate the highest common divisor of 875647553 and 11.
11
What is the highest common factor of 1260836 and 3127400?
3292
Calculate the greatest common factor of 26627852 and 4.
4
Calculate the greatest common divisor of 636755 and 2403891.
1127
Calculate the highest common factor of 39130860 and 112968.
6276
What is the highest common factor of 1311 and 9143443?
23
Calculate the highest common factor of 273 and 349839.
21
What is the highest common divisor of 29286670 and 1470?
70
Calculate the highest common factor of 5339 and 1712014.
19
What is the greatest common divisor of 2919 and 620067?
21
Calculate the highest common divisor of 10 and 13202635.
5
Calculate the highest common factor of 2514 and 9637.
419
Calculate the greatest common divisor of 1055691 and 8316.
63
Calculate the highest common factor of 231246 and 19654581.
1329
Calculate the greatest common factor of 2889096 and 28942.
58
What is the highest common divisor of 8721 and 176733?
9
What is the highest common factor of 690130 and 175?
35
What is the highest common divisor of 9288513 and 93717?
1053
What is the greatest common divisor of 38640 and 283603110?
4830
What is the highest common factor of 26172 and 215208?
36
Calculate the highest common divisor of 3609090 and 1890.
270
What is the greatest common divisor of 49162374 and 36?
18
What is the highest common divisor of 13756 and 76348?
4
Calculate the highest common divisor of 146599 and 7348866.
4729
What is the highest common factor of 17370318 and 210?
42
Calculate the greatest common factor of 7240469 and 94944.
989
Calculate the greatest common divisor of 6502 and 2324523518.
6502
Calculate the highest common factor of 59441 and 523.
1
What is the highest common divisor of 26323588 and 608?
76
Calculate the highest common factor of 49740216 and 2296.
328
Calculate the highest common factor of 146 and 750639874.
146
Calculate the greatest common divisor of 92346513 and 189.
21
Calculate the highest common factor of 7924 and 42159076.
1132
Calculate the highest common divisor of 1810402 and 3146.
242
Calculate the greatest common divisor of 602 and 72569896.
602
Calculate the greates